mmon factor of 78 and 117.
39
Calculate the highest common divisor of 865 and 120.
5
Calculate the greatest common divisor of 42 and 192.
6
Calculate the greatest common divisor of 105036 and 6.
6
Calculate the highest common factor of 1 and 128.
1
What is the highest common divisor of 765 and 720?
45
Calculate the greatest common factor of 52 and 8.
4
What is the highest common divisor of 69 and 5037?
69
Calculate the greatest common divisor of 3185 and 65.
65
What is the greatest common divisor of 16 and 5872?
16
Calculate the greatest common divisor of 2336 and 73.
73
What is the greatest common divisor of 17 and 1853?
17
Calculate the greatest common divisor of 2823 and 27.
3
What is the greatest common factor of 45 and 4965?
15
What is the greatest common factor of 945 and 4995?
135
What is the highest common factor of 9 and 9?
9
What is the highest common divisor of 988 and 2756?
52
What is the highest common divisor of 13 and 89531?
13
What is the greatest common divisor of 2628 and 72?
36
What is the greatest common divisor of 1405 and 4496?
281
What is the highest common factor of 2673 and 429?
33
What is the greatest common divisor of 98 and 224?
14
Calculate the highest common factor of 49 and 63.
7
What is the highest common divisor of 4277 and 91?
91
What is the greatest common factor of 308 and 132?
44
What is the greatest common factor of 990 and 1210?
110
Calculate the highest common factor of 339 and 6.
3
Calculate the highest common divisor of 1100 and 5225.
275
What is the greatest common factor of 125 and 255?
5
Calculate the highest common factor of 1785 and 420.
105
What is the highest common divisor of 97 and 1843?
97
Calculate the highest common divisor of 221 and 39.
13
What is the greatest common factor of 33 and 66?
33
Calculate the greatest common divisor of 348 and 6525.
87
What is the greatest common divisor of 9 and 14?
1
Calculate the highest common divisor of 14 and 3101.
7
What is the highest common factor of 629 and 1110?
37
What is the greatest common divisor of 3795 and 621?
69
Calculate the highest common divisor of 622 and 5287.
311
What is the greatest common factor of 1242 and 108?
54
Calculate the highest common factor of 8 and 244.
4
What is the highest common divisor of 57 and 10203?
57
Calculate the highest common factor of 40 and 120.
40
Calculate the greatest common divisor of 3 and 299.
1
What is the highest common divisor of 429 and 198?
33
Calculate the highest common divisor of 39 and 1391.
13
Calculate the greatest common divisor of 26 and 104.
26
What is the greatest common divisor of 437 and 551?
19
Calculate the highest common factor of 48 and 4064.
16
Calculate the highest common divisor of 209 and 110.
11
What is the highest common factor of 4 and 114?
2
What is the highest common factor of 54 and 252?
18
What is the greatest common divisor of 35 and 371?
7
Calculate the highest common divisor of 5030 and 10.
10
What is the greatest common factor of 326 and 124?
2
What is the greatest common factor of 64 and 488?
8
What is the greatest common factor of 1170 and 52?
26
Calculate the greatest common divisor of 66 and 174.
6
Calculate the highest common factor of 8 and 10948.
4
Calculate the greatest common factor of 7106 and 34.
34
What is the greatest common divisor of 2142 and 6324?
102
What is the highest common divisor of 185 and 33115?
185
What is the highest common factor of 1735 and 80?
5
What is the greatest common divisor of 47 and 517?
47
Calculate the greatest common factor of 4109 and 7.
7
What is the greatest common factor of 610 and 5?
5
What is the greatest common divisor of 57 and 608?
19
What is the greatest common divisor of 25 and 2675?
25
What is the greatest common factor of 627 and 23617?
209
What is the greatest common divisor of 110 and 3190?
110
What is the highest common factor of 44 and 143?
11
Calculate the greatest common divisor of 31 and 3317.
31
Calculate the greatest common factor of 10 and 315.
5
What is the greatest common divisor of 1587 and 207?
69
What is the highest common divisor of 426 and 126?
6
What is the highest common divisor of 3245 and 295?
295
What is the greatest common factor of 31 and 279?
31
Calculate the highest common factor of 147 and 3822.
147
What is the highest common divisor of 891 and 11?
11
Calculate the highest common factor of 84 and 22764.
84
Calculate the greatest common factor of 33 and 3399.
33
Calculate the highest common divisor of 70466 and 22.
22
Calculate the greatest common factor of 1620 and 18.
18
Calculate the greatest common divisor of 2250 and 200.
50
What is the greatest common divisor of 390 and 90?
30
What is the greatest common factor of 68 and 578?
34
Calculate the highest common divisor of 2419 and 59.
59
Calculate the highest common divisor of 78 and 7059.
39
Calculate the highest common divisor of 119 and 289.
17
What is the highest common factor of 3 and 2?
1
Calculate the highest common factor of 980 and 40.
20
Calculate the greatest common divisor of 2146 and 116.
58
What is the greatest common factor of 261 and 464?
29
Calculate the greatest common divisor of 92 and 58972.
92
Calculate the greatest common factor of 209 and 3895.
19
What is the highest common factor of 959 and 1096?
137
What is the highest common factor of 1072 and 128?
16
Calculate the greatest common divisor of 120 and 680.
40
Calculate the highest common factor of 288 and 108.
36
What is the highest common divisor of 11 and 10571?
11
Calculate the greatest common divisor of 11 and 1.
1
What is the greatest common factor of 234 and 9?
9
What is the greatest common divisor of 592 and 276?
4
Calculate the greatest common divisor of 2696 and 8.
8
What is the greatest common factor of 689 and 26?
13
What is the greatest common divisor of 6 and 582?
6
Calculate the greatest common divisor of 69 and 3.
3
What is the greatest common divisor of 1620 and 20?
20
Calculate the highest common divisor of 93 and 496.
31
What is the greatest common divisor of 1150 and 50?
50
What is the highest common factor of 247 and 26?
13
What is the highest common factor of 66 and 77?
11
What is the greatest common divisor of 286 and 52?
26
What is the greatest common divisor of 975 and 300?
75
Calculate the highest common divisor of 7250 and 1750.
250
Calculate the greatest common factor of 64 and 16.
16
Calculate the highest common divisor of 57 and 152.
19
Calculate the greatest common factor of 2057 and 22.
11
What is the highest common divisor of 26 and 117?
13
What is the greatest common divisor of 19 and 73891?
19
What is the greatest common factor of 66 and 14850?
66
What is the greatest common factor of 1501 and 19?
19
What is the greatest common divisor of 4690 and 98?
14
What is the greatest common factor of 56 and 21?
7
Calculate the greatest common factor of 32 and 144.
16
What is the highest common divisor of 8362 and 74?
74
What is the greatest common factor of 435 and 15?
15
What is the highest common factor of 2470 and 570?
190
What is the highest common factor of 667 and 989?
23
Calculate the highest common factor of 315 and 90.
45
Calculate the greatest common divisor of 26 and 26.
26
What is the highest common divisor of 9 and 81?
9
What is the greatest common factor of 1302 and 84?
42
Calculate the greatest common factor of 686 and 12.
2
Calculate the highest common divisor of 416 and 56.
8
What is the highest common divisor of 204 and 48?
12
Calculate the highest common factor of 74 and 814.
74
Calculate the greatest common factor of 63 and 28.
7
Calculate the highest common factor of 2 and 271.
1
What is the highest common divisor of 19 and 209?
19
Calculate the highest common divisor of 255 and 14875.
85
Calculate the greatest common divisor of 200 and 750.
50
Calculate the greatest common divisor of 144 and 18.
18
What is the greatest common factor of 133 and 11267?
19
Calculate the highest common factor of 13817 and 41.
41
Calculate the highest common divisor of 207 and 4462.
23
Calculate the highest common factor of 89 and 7031.
89
What is the highest common factor of 110 and 220?
110
What is the greatest common divisor of 9 and 3249?
9
What is the highest common divisor of 166 and 22?
2
Calculate the highest common divisor of 